{"id":11032,"date":"2023-10-25T14:17:12","date_gmt":"2023-10-25T12:17:12","guid":{"rendered":"https:\/\/kulturbuero-radolfzell.de\/ville-de-la-musique\/"},"modified":"2023-10-25T14:17:12","modified_gmt":"2023-10-25T12:17:12","slug":"ville-de-la-musique","status":"publish","type":"page","link":"https:\/\/kulturbuero-radolfzell.de\/fr\/ville-de-la-musique\/","title":{"rendered":"Ville de la musique"},"content":{"rendered":"<p>Radolfzell peut s&rsquo;enorgueillir d&rsquo;une tradition musicale vieille de 300 ans. Pour une population de 32.000 habitants, il y a plus de 2.000 musiciens actifs. Ils jouent dans des ensembles tels que l&rsquo;orchestre municipal, l&rsquo;orchestre \u00e0 vent des jeunes, les associations musicales locales, plusieurs chorales et bien s\u00fbr aussi en tant que solistes. Les formations musicales des musiciens r\u00e9gionaux engag\u00e9s, la diversit\u00e9 des genres jou\u00e9s, l&rsquo;\u00e9cole de musique et l&rsquo;Acad\u00e9mie internationale d&rsquo;\u00e9t\u00e9 font que Radolfzell n&rsquo;est pas seulement connue dans la r\u00e9gion pour sa musique d&rsquo;un niveau exceptionnel, mais aussi bien au-del\u00e0.<\/p>\n<p>\u00catre la ville de la musique sur le lac de Constance, c&rsquo;est en outre proposer une large offre de concerts sur place, mais aussi avec une grande port\u00e9e. De nombreuses manifestations dans les quartiers de B\u00f6hringen, G\u00fcttingen, Liggeringen, Markelfingen, M\u00f6ggingen, Stahringen, et bien s\u00fbr au c\u0153ur de la ville sur la place du march\u00e9, \u00e0 la laiterie, sous la voile de concert et \u00e0 la coquille de concert attirent les Radolfzellois et les visiteurs de partout.<\/p>\n<h2>Le projet<\/h2>\n<p>Avec le projet \u00ab\u00a0Radolfzell, ville de la musique\u00a0\u00bb, la ville se positionne au niveau r\u00e9gional et suprar\u00e9gional comme un site culturel pertinent. Une majorit\u00e9 de 70 % s&rsquo;est prononc\u00e9e en faveur de ce projet lors d&rsquo;une enqu\u00eate men\u00e9e \u00e0 l&rsquo;automne 2016 aupr\u00e8s des citoyens et des touristes de Radolfzell. Dans le cadre du plan de d\u00e9veloppement urbain \u00ab\u00a0STEP 2030\u00a0\u00bb, il a donc \u00e9t\u00e9 d\u00e9cid\u00e9 de renforcer l&rsquo;identification des citoyens avec la musique et de faire valoir l&rsquo;importance de Radolfzell en tant que ville de la musique au niveau national.<\/p>\n<p>La mise en \u0153uvre du projet repose sur trois piliers. Le premier pilier r\u00e9unit la formation musicale et l&rsquo;encouragement des jeunes talents gr\u00e2ce au travail et aux offres de l&rsquo;\u00e9cole de musique, de l&rsquo;\u00e9veil de la petite enfance \u00e0 la master class, ainsi qu&rsquo;aux nombreuses coop\u00e9rations avec les \u00e9coles et les associations.<\/p>\n<p>Des \u00e9v\u00e9nements musicaux uniques et des histoires \u00e0 succ\u00e8s constituent les points forts du deuxi\u00e8me pilier. Outre l&rsquo;innovation constante dans la conception du programme, le festival du lac de Radolfzell, les masterclasses de l&rsquo;acad\u00e9mie d&rsquo;\u00e9t\u00e9 de renomm\u00e9e internationale ainsi que les concerts en coop\u00e9ration avec la S\u00fcdwestdeutsche Philharmonie sont des \u00e9v\u00e9nements phares. Ces manifestations \u00e9tablissent Radolfzell comme un lieu d&rsquo;excellentes possibilit\u00e9s de formation et d&rsquo;offres de concerts inoubliables. Il convient de souligner les nombreux professionnels de la musique issus de la formation musicale de Radolfzell, qui se produisent dans le monde entier avec des orchestres et des institutions de renom et qui reviennent \u00e0 Radolfzell, la ville de la musique, pour des concerts tr\u00e8s particuliers. Le troisi\u00e8me pilier se concentre sur le th\u00e8me central de Radolfzell, ville de la musique, en tant que r\u00e9seau et plateforme. Les acteurs de la musique de la ville et leurs cr\u00e9ations artistiques sont communiqu\u00e9s, entre autres, par le biais du nouveau site web et sont en m\u00eame temps motiv\u00e9s pour une participation et une pr\u00e9sentation actives. Cela se fait par le biais de nouveaux formats d&rsquo;\u00e9v\u00e9nements et de partenaires de coop\u00e9ration, comme par exemple l&rsquo;association de l&rsquo;\u00e9cole de l&rsquo;environnement. le festival de musique Milchwerk.<\/p>\n","protected":false},"excerpt":{"rendered":"<p>Radolfzell peut s&rsquo;enorgueillir d&rsquo;une tradition musicale vieille de 300 ans. Pour une population de 32.000 habitants, il y a plus [&hellip;]<\/p>\n","protected":false},"author":1,"featured_media":0,"parent":0,"menu_order":0,"comment_status":"closed","ping_status":"closed","template":"page-layout1.php","meta":{"_price":"","_stock":"","_tribe_ticket_header":"","_tribe_default_ticket_provider":"","_ticket_start_date":"","_ticket_end_date":"","_tribe_ticket_show_description":"","_tribe_ticket_show_not_going":false,"_tribe_ticket_use_global_stock":"","_tribe_ticket_global_stock_level":"","_global_stock_mode":"","_global_stock_cap":"","_tribe_rsvp_for_event":"","_tribe_ticket_going_count":"","_tribe_ticket_not_going_count":"","_tribe_tickets_list":"[]","_tribe_ticket_has_attendee_info_fields":false,"footnotes":""},"class_list":["post-11032","page","type-page","status-publish","hentry"],"yoast_head":"<!-- This site is optimized with the Yoast SEO plugin v26.7 - https:\/\/yoast.com\/wordpress\/plugins\/seo\/ -->\n<title>Ville de la musique | Kulturb\u00fcro Radolfzell<\/title>\n<meta name=\"robots\" content=\"index, follow, max-snippet:-1, max-image-preview:large, max-video-preview:-1\" \/>\n<link rel=\"canonical\" href=\"https:\/\/kulturbuero-radolfzell.de\/fr\/ville-de-la-musique\/\" \/>\n<meta property=\"og:locale\" content=\"fr_FR\" \/>\n<meta property=\"og:type\" content=\"article\" \/>\n<meta property=\"og:title\" content=\"Ville de la musique | Kulturb\u00fcro Radolfzell\" \/>\n<meta property=\"og:description\" content=\"Radolfzell peut s&rsquo;enorgueillir d&rsquo;une tradition musicale vieille de 300 ans. Pour une population de 32.000 habitants, il y a plus [&hellip;]\" \/>\n<meta property=\"og:url\" content=\"https:\/\/kulturbuero-radolfzell.de\/fr\/ville-de-la-musique\/\" \/>\n<meta property=\"og:site_name\" content=\"Kulturb\u00fcro\" \/>\n<meta name=\"twitter:card\" content=\"summary_large_image\" \/>\n<meta name=\"twitter:label1\" content=\"Dur\u00e9e de lecture estim\u00e9e\" \/>\n\t<meta name=\"twitter:data1\" content=\"3 minutes\" \/>\n<script type=\"application\/ld+json\" class=\"yoast-schema-graph\">{\"@context\":\"https:\/\/schema.org\",\"@graph\":[{\"@type\":\"WebPage\",\"@id\":\"https:\/\/kulturbuero-radolfzell.de\/fr\/ville-de-la-musique\/\",\"url\":\"https:\/\/kulturbuero-radolfzell.de\/fr\/ville-de-la-musique\/\",\"name\":\"Ville de la musique | Kulturb\u00fcro Radolfzell\",\"isPartOf\":{\"@id\":\"https:\/\/kulturbuero-radolfzell.de\/fr\/#website\"},\"datePublished\":\"2023-10-25T12:17:12+00:00\",\"breadcrumb\":{\"@id\":\"https:\/\/kulturbuero-radolfzell.de\/fr\/ville-de-la-musique\/#breadcrumb\"},\"inLanguage\":\"fr-FR\",\"potentialAction\":[{\"@type\":\"ReadAction\",\"target\":[\"https:\/\/kulturbuero-radolfzell.de\/fr\/ville-de-la-musique\/\"]}]},{\"@type\":\"BreadcrumbList\",\"@id\":\"https:\/\/kulturbuero-radolfzell.de\/fr\/ville-de-la-musique\/#breadcrumb\",\"itemListElement\":[{\"@type\":\"ListItem\",\"position\":1,\"name\":\"Startseite\",\"item\":\"https:\/\/kulturbuero-radolfzell.de\/fr\/page-daccueil\/\"},{\"@type\":\"ListItem\",\"position\":2,\"name\":\"Ville de la musique\"}]},{\"@type\":\"WebSite\",\"@id\":\"https:\/\/kulturbuero-radolfzell.de\/fr\/#website\",\"url\":\"https:\/\/kulturbuero-radolfzell.de\/fr\/\",\"name\":\"Kulturb\u00fcro\",\"description\":\"\",\"publisher\":{\"@id\":\"https:\/\/kulturbuero-radolfzell.de\/fr\/#organization\"},\"potentialAction\":[{\"@type\":\"SearchAction\",\"target\":{\"@type\":\"EntryPoint\",\"urlTemplate\":\"https:\/\/kulturbuero-radolfzell.de\/fr\/?s={search_term_string}\"},\"query-input\":{\"@type\":\"PropertyValueSpecification\",\"valueRequired\":true,\"valueName\":\"search_term_string\"}}],\"inLanguage\":\"fr-FR\"},{\"@type\":\"Organization\",\"@id\":\"https:\/\/kulturbuero-radolfzell.de\/fr\/#organization\",\"name\":\"Kulturb\u00fcro Radolfzell\",\"url\":\"https:\/\/kulturbuero-radolfzell.de\/fr\/\",\"logo\":{\"@type\":\"ImageObject\",\"inLanguage\":\"fr-FR\",\"@id\":\"https:\/\/kulturbuero-radolfzell.de\/fr\/#\/schema\/logo\/image\/\",\"url\":\"https:\/\/kulturbuero-radolfzell.de\/wp-content\/uploads\/sites\/9\/2018\/11\/logo.png\",\"contentUrl\":\"https:\/\/kulturbuero-radolfzell.de\/wp-content\/uploads\/sites\/9\/2018\/11\/logo.png\",\"width\":500,\"height\":251,\"caption\":\"Kulturb\u00fcro Radolfzell\"},\"image\":{\"@id\":\"https:\/\/kulturbuero-radolfzell.de\/fr\/#\/schema\/logo\/image\/\"}}]}<\/script>\n<!-- \/ Yoast SEO plugin. -->","yoast_head_json":{"title":"Ville de la musique | Kulturb\u00fcro Radolfzell","robots":{"index":"index","follow":"follow","max-snippet":"max-snippet:-1","max-image-preview":"max-image-preview:large","max-video-preview":"max-video-preview:-1"},"canonical":"https:\/\/kulturbuero-radolfzell.de\/fr\/ville-de-la-musique\/","og_locale":"fr_FR","og_type":"article","og_title":"Ville de la musique | Kulturb\u00fcro Radolfzell","og_description":"Radolfzell peut s&rsquo;enorgueillir d&rsquo;une tradition musicale vieille de 300 ans. Pour une population de 32.000 habitants, il y a plus [&hellip;]","og_url":"https:\/\/kulturbuero-radolfzell.de\/fr\/ville-de-la-musique\/","og_site_name":"Kulturb\u00fcro","twitter_card":"summary_large_image","twitter_misc":{"Dur\u00e9e de lecture estim\u00e9e":"3 minutes"},"schema":{"@context":"https:\/\/schema.org","@graph":[{"@type":"WebPage","@id":"https:\/\/kulturbuero-radolfzell.de\/fr\/ville-de-la-musique\/","url":"https:\/\/kulturbuero-radolfzell.de\/fr\/ville-de-la-musique\/","name":"Ville de la musique | Kulturb\u00fcro Radolfzell","isPartOf":{"@id":"https:\/\/kulturbuero-radolfzell.de\/fr\/#website"},"datePublished":"2023-10-25T12:17:12+00:00","breadcrumb":{"@id":"https:\/\/kulturbuero-radolfzell.de\/fr\/ville-de-la-musique\/#breadcrumb"},"inLanguage":"fr-FR","potentialAction":[{"@type":"ReadAction","target":["https:\/\/kulturbuero-radolfzell.de\/fr\/ville-de-la-musique\/"]}]},{"@type":"BreadcrumbList","@id":"https:\/\/kulturbuero-radolfzell.de\/fr\/ville-de-la-musique\/#breadcrumb","itemListElement":[{"@type":"ListItem","position":1,"name":"Startseite","item":"https:\/\/kulturbuero-radolfzell.de\/fr\/page-daccueil\/"},{"@type":"ListItem","position":2,"name":"Ville de la musique"}]},{"@type":"WebSite","@id":"https:\/\/kulturbuero-radolfzell.de\/fr\/#website","url":"https:\/\/kulturbuero-radolfzell.de\/fr\/","name":"Kulturb\u00fcro","description":"","publisher":{"@id":"https:\/\/kulturbuero-radolfzell.de\/fr\/#organization"},"potentialAction":[{"@type":"SearchAction","target":{"@type":"EntryPoint","urlTemplate":"https:\/\/kulturbuero-radolfzell.de\/fr\/?s={search_term_string}"},"query-input":{"@type":"PropertyValueSpecification","valueRequired":true,"valueName":"search_term_string"}}],"inLanguage":"fr-FR"},{"@type":"Organization","@id":"https:\/\/kulturbuero-radolfzell.de\/fr\/#organization","name":"Kulturb\u00fcro Radolfzell","url":"https:\/\/kulturbuero-radolfzell.de\/fr\/","logo":{"@type":"ImageObject","inLanguage":"fr-FR","@id":"https:\/\/kulturbuero-radolfzell.de\/fr\/#\/schema\/logo\/image\/","url":"https:\/\/kulturbuero-radolfzell.de\/wp-content\/uploads\/sites\/9\/2018\/11\/logo.png","contentUrl":"https:\/\/kulturbuero-radolfzell.de\/wp-content\/uploads\/sites\/9\/2018\/11\/logo.png","width":500,"height":251,"caption":"Kulturb\u00fcro Radolfzell"},"image":{"@id":"https:\/\/kulturbuero-radolfzell.de\/fr\/#\/schema\/logo\/image\/"}}]}},"_links":{"self":[{"href":"https:\/\/kulturbuero-radolfzell.de\/fr\/wp-json\/wp\/v2\/pages\/11032","targetHints":{"allow":["GET"]}}],"collection":[{"href":"https:\/\/kulturbuero-radolfzell.de\/fr\/wp-json\/wp\/v2\/pages"}],"about":[{"href":"https:\/\/kulturbuero-radolfzell.de\/fr\/wp-json\/wp\/v2\/types\/page"}],"author":[{"embeddable":true,"href":"https:\/\/kulturbuero-radolfzell.de\/fr\/wp-json\/wp\/v2\/users\/1"}],"replies":[{"embeddable":true,"href":"https:\/\/kulturbuero-radolfzell.de\/fr\/wp-json\/wp\/v2\/comments?post=11032"}],"version-history":[{"count":0,"href":"https:\/\/kulturbuero-radolfzell.de\/fr\/wp-json\/wp\/v2\/pages\/11032\/revisions"}],"wp:attachment":[{"href":"https:\/\/kulturbuero-radolfzell.de\/fr\/wp-json\/wp\/v2\/media?parent=11032"}],"curies":[{"name":"wp","href":"https:\/\/api.w.org\/{rel}","templated":true}]}}

<p>Radolfzell peut s&rsquo;enorgueillir d&rsquo;une tradition musicale vieille de 300 ans. Pour une population de 32.000 habitants, il y a plus de 2.000 musiciens actifs. Ils jouent dans des ensembles tels que l&rsquo;orchestre municipal, l&rsquo;orchestre à vent des jeunes, les associations musicales locales, plusieurs chorales et bien sûr aussi en tant que solistes. Les formations musicales des musiciens régionaux engagés, la diversité des genres joués, l&rsquo;école de musique et l&rsquo;Académie internationale d&rsquo;été font que Radolfzell n&rsquo;est pas seulement connue dans la région pour sa musique d&rsquo;un niveau exceptionnel, mais aussi bien au-delà.</p>
<p>Être la ville de la musique sur le lac de Constance, c&rsquo;est en outre proposer une large offre de concerts sur place, mais aussi avec une grande portée. De nombreuses manifestations dans les quartiers de Böhringen, Güttingen, Liggeringen, Markelfingen, Möggingen, Stahringen, et bien sûr au cœur de la ville sur la place du marché, à la laiterie, sous la voile de concert et à la coquille de concert attirent les Radolfzellois et les visiteurs de partout.</p>
<h2>Le projet</h2>
<p>Avec le projet « Radolfzell, ville de la musique », la ville se positionne au niveau régional et suprarégional comme un site culturel pertinent. Une majorité de 70 % s&rsquo;est prononcée en faveur de ce projet lors d&rsquo;une enquête menée à l&rsquo;automne 2016 auprès des citoyens et des touristes de Radolfzell. Dans le cadre du plan de développement urbain « STEP 2030 », il a donc été décidé de renforcer l&rsquo;identification des citoyens avec la musique et de faire valoir l&rsquo;importance de Radolfzell en tant que ville de la musique au niveau national.</p>
<p>La mise en œuvre du projet repose sur trois piliers. Le premier pilier réunit la formation musicale et l&rsquo;encouragement des jeunes talents grâce au travail et aux offres de l&rsquo;école de musique, de l&rsquo;éveil de la petite enfance à la master class, ainsi qu&rsquo;aux nombreuses coopérations avec les écoles et les associations.</p>
<p>Des événements musicaux uniques et des histoires à succès constituent les points forts du deuxième pilier. Outre l&rsquo;innovation constante dans la conception du programme, le festival du lac de Radolfzell, les masterclasses de l&rsquo;académie d&rsquo;été de renommée internationale ainsi que les concerts en coopération avec la Südwestdeutsche Philharmonie sont des événements phares. Ces manifestations établissent Radolfzell comme un lieu d&rsquo;excellentes possibilités de formation et d&rsquo;offres de concerts inoubliables. Il convient de souligner les nombreux professionnels de la musique issus de la formation musicale de Radolfzell, qui se produisent dans le monde entier avec des orchestres et des institutions de renom et qui reviennent à Radolfzell, la ville de la musique, pour des concerts très particuliers. Le troisième pilier se concentre sur le thème central de Radolfzell, ville de la musique, en tant que réseau et plateforme. Les acteurs de la musique de la ville et leurs créations artistiques sont communiqués, entre autres, par le biais du nouveau site web et sont en même temps motivés pour une participation et une présentation actives. Cela se fait par le biais de nouveaux formats d&rsquo;événements et de partenaires de coopération, comme par exemple l&rsquo;association de l&rsquo;école de l&rsquo;environnement. le festival de musique Milchwerk.</p>

<!-- This site is optimized with the Yoast SEO plugin v26.7 - https://yoast.com/wordpress/plugins/seo/ -->
<title>Ville de la musique | Kulturbüro Radolfzell</title>
<meta name="robots" content="index, follow, max-snippet:-1, max-image-preview:large, max-video-preview:-1" />
<link rel="canonical" href="https://kulturbuero-radolfzell.de/fr/ville-de-la-musique/" />
<meta property="og:locale" content="fr_FR" />
<meta property="og:type" content="article" />
<meta property="og:title" content="Ville de la musique | Kulturbüro Radolfzell" />
<meta property="og:description" content="Radolfzell peut s&rsquo;enorgueillir d&rsquo;une tradition musicale vieille de 300 ans. Pour une population de 32.000 habitants, il y a plus [&hellip;]" />
<meta property="og:url" content="https://kulturbuero-radolfzell.de/fr/ville-de-la-musique/" />
<meta property="og:site_name" content="Kulturbüro" />
<meta name="twitter:card" content="summary_large_image" />
<meta name="twitter:label1" content="Durée de lecture estimée" />
	<meta name="twitter:data1" content="3 minutes" />
<script type="application/ld+json" class="yoast-schema-graph">{"@context":"https://schema.org","@graph":[{"@type":"WebPage","@id":"https://kulturbuero-radolfzell.de/fr/ville-de-la-musique/","url":"https://kulturbuero-radolfzell.de/fr/ville-de-la-musique/","name":"Ville de la musique | Kulturbüro Radolfzell","isPartOf":{"@id":"https://kulturbuero-radolfzell.de/fr/#website"},"datePublished":"2023-10-25T12:17:12+00:00","breadcrumb":{"@id":"https://kulturbuero-radolfzell.de/fr/ville-de-la-musique/#breadcrumb"},"inLanguage":"fr-FR","potentialAction":[{"@type":"ReadAction","target":["https://kulturbuero-radolfzell.de/fr/ville-de-la-musique/"]}]},{"@type":"BreadcrumbList","@id":"https://kulturbuero-radolfzell.de/fr/ville-de-la-musique/#breadcrumb","itemListElement":[{"@type":"ListItem","position":1,"name":"Startseite","item":"https://kulturbuero-radolfzell.de/fr/page-daccueil/"},{"@type":"ListItem","position":2,"name":"Ville de la musique"}]},{"@type":"WebSite","@id":"https://kulturbuero-radolfzell.de/fr/#website","url":"https://kulturbuero-radolfzell.de/fr/","name":"Kulturbüro","description":"","publisher":{"@id":"https://kulturbuero-radolfzell.de/fr/#organization"},"potentialAction":[{"@type":"SearchAction","target":{"@type":"EntryPoint","urlTemplate":"https://kulturbuero-radolfzell.de/fr/?s={search_term_string}"},"query-input":{"@type":"PropertyValueSpecification","valueRequired":true,"valueName":"search_term_string"}}],"inLanguage":"fr-FR"},{"@type":"Organization","@id":"https://kulturbuero-radolfzell.de/fr/#organization","name":"Kulturbüro Radolfzell","url":"https://kulturbuero-radolfzell.de/fr/","logo":{"@type":"ImageObject","inLanguage":"fr-FR","@id":"https://kulturbuero-radolfzell.de/fr/#/schema/logo/image/","url":"https://kulturbuero-radolfzell.de/wp-content/uploads/sites/9/2018/11/logo.png","contentUrl":"https://kulturbuero-radolfzell.de/wp-content/uploads/sites/9/2018/11/logo.png","width":500,"height":251,"caption":"Kulturbüro Radolfzell"},"image":{"@id":"https://kulturbuero-radolfzell.de/fr/#/schema/logo/image/"}}]}</script>
<!-- / Yoast SEO plugin. -->

Ville de la musique | Kulturbüro Radolfzell

Kulturbüro

Kulturbüro Radolfzell
